
20
Calculate the remainder when 413273 is divided by 1168.
969
Calculate the remainder when 24894 is divided by 4096.
318
Calculate the remainder when 212130611 is divided by 3732.
3731
What is the remainder when 841310 is divided by 191?
146
What is the remainder when 21976010 is divided by 2390?
2350
Calculate the remainder when 5372927 is divided by 304.
31
What is the remainder when 33186548 is divided by 378?
38
What is the remainder when 2271186 is divided by 2231?
28
Calculate the remainder when 107114 is divided by 50216.
6682
Calculate the remainder when 20519 is divided by 196.
135
What is the remainder when 10454981 is divided by 411?
374
What is the remainder when 79152 is divided by 277?
207
What is the remainder when 298814 is divided by 479?
397
Calculate the remainder when 541602 is divided by 28.
26
Calculate the remainder when 49769 is divided by 174.
5
Calculate the remainder when 35502 is divided by 141.
111
Calculate the remainder when 7429819 is divided by 922.
343
What is the remainder when 6141389 is divided by 87734?
9
What is the remainder when 122852 is divided by 10237?
8
Calculate the remainder when 835028 is divided by 92.
36
What is the remainder when 10454989 is divided by 497856?
13
What is the remainder when 11266970 is divided by 128?
26
What is the remainder when 1358021 is divided by 7110?
11
Calculate the remainder when 5849627 is divided by 172.
79
What is the remainder when 1786 is divided by 1783?
3
Calculate the remainder when 132022 is divided by 131979.
43
Calculate the remainder when 419204 is divided by 16429.
8479
Calculate the remainder when 120856 is divided by 30.
16
What is the remainder when 31631 is divided by 30577?
1054
What is the remainder when 1278646 is divided by 177?
175
What is the remainder when 267248 is divided by 133614?
20
Calculate the remainder when 142981 is divided by 7913.
547
Calculate the remainder when 56821248 is divided by 120384.
0
What is the remainder when 551446 is divided by 1010?
996
Calculate the remainder when 2143663 is divided by 140.
123
What is the remainder when 26328856 is divided by 6582210?
16
What is the remainder when 682423 is divided by 682334?
89
Calculate the remainder when 2979426 is divided by 37.
1
What is the remainder when 277771268 is divided by 35?
33
What is the remainder when 150147 is divided by 2545?
2537
Calculate the remainder when 19168636 is divided by 61.
57
What is the remainder when 1562403 is divided by 1680?
3
Calculate the remainder when 1189466 is divided by 149.
148
Calculate the remainder when 6361380 is divided by 38.
28
Calculate the remainder when 1146804 is divided by 251.
236
Calculate the remainder when 26028674 is divided by 2393.
13
Calculate the remainder when 268163 is divided by 346.
13
Calculate the remainder when 4350978 is divided by 607.
2
Calculate the remainder when 4669898 is divided by 40.
18
What is the remainder when 11876563 is divided by 3958721?
400
Calculate the remainder when 42498417 is divided by 10.
7
What is the remainder when 94734 is divided by 47127?
480
Calculate the remainder when 7655951 is divided by 1474.
1469
Calculate the remainder when 341796 is divided by 52.
0
What is the remainder when 6347373 is divided by 703?
689
What is the remainder when 236010 is divided by 78664?
18
What is the remainder when 258198 is divided by 2347?
28
What is the remainder when 452567 is divided by 34812?
11
Calculate the remainder when 44013595 is divided by 4.
3
Calculate the remainder when 29136039 is divided by 1516.
35
What is the remainder when 3578841 is divided by 143?
123
What is the remainder when 37261722 is divided by 2828?
2822
What is the remainder when 8886665 is divided by 8886663?
2
What is the remainder when 11433226 is divided by 11?
2
Calculate the remainder when 64983458 is divided by 1420.
1418
What is the remainder when 1001289 is divided by 160?
9
Calculate the remainder when 53066 is divided by 4087.
4022
Calculate the remainder when 31475167 is divided by 27.
25
What is the remainder when 114961 is divided by 912?
49
Calculate the remainder when 170447 is divided by 25.
22
Calculate the remainder when 2761986 is divided by 16440.
66
Calculate the remainder when 102007 is divided by 3126.
1975
Calculate the remainder when 3561002 is divided by 234.
224
Calculate the remainder when 27175355 is divided by 11.
9
Calculate the remainder when 47673 is divided by 3472.
2537
Calculate the remainder when 136673 is divided by 43478.
6239
Calculate the remainder when 91536085 is divided by 3661443.
10
What is the remainder when 16174 is divided by 1285?
754
What is the remainder when 2162122 is divided by 52?
14
Calculate the remainder when 1821459 is divided by 4256.
4147
What is the remainder when 82482182 is divided by 3316?
3314
What is the remainder when 13343392 is divided by 1906196?
20
Calculate the remainder when 326664 is divided by 297.
261
What is the remainder when 12670762 is divided by 351965?
22
What is the remainder when 58479 is divided by 1423?
136
What is the remainder when 260710 is divided by 5501?
2163
Calculate the remainder when 834006 is divided by 112.
54
What is the remainder when 926201 is divided by 216?
209
What is the remainder when 17817399 is divided by 18?
9
Calculate the remainder when 90402240 is divided by 353.
352
What is the remainder when 5354828 is divided by 20917?
76
Calculate the remainder when 64303 is divided by 3384.
7
Calculate the remainder when 2552506 is divided by 3028.
2930
What is the remainder when 175490 is divided by 3008?
1026
What is the remainder when 218492 is divided by 72806?
74
What is the remainder when 24899939 is divided by 16106?
63
What is the remainder when 16337 is divided by 816?
17
What is the remainder when 8258880 is divided by 949?
682
Calculate the remainder when 709142 is divided by 118186.
26
What is the remainder when 209495 is divided by 247?
39
What is the remainder when 601260 is divided by 449?
49
Calculate the remainder when 1954281 is divided by 5681.
17
What is the remainder when 66616894 is divided by 13665?
19
What is the remainder when 466408 is divided by 77728?
40
What is the remainder when 57958 is divided by 8997?
3976
Calculate the remainder when 250252 is divided by 17872.
44
Calculate the remainder when 2620317 is divided by 2060.
2057
What is the remainder when 36850 is divided by 1019?
166
Calculate the remainder when 321550 is divided by 18478.
7424
Calculate the remainder when 495839 is divided by 43.
6
Calculate the remainder when 1937926 is divided by 276846.
4
What is the remainder when 341480 is divided by 4614?
44
What is the remainder when 11892 is divided by 56?
20
Calculate the remainder when 71273 is divided by 1828.
1809
Calculate the remainder when 37679066 is divided by 14.
12
What is the remainder when 2001384 is divided by 1000314?
756
Calculate the remainder when 4334617 is divided by 69913.
11
Calculate the remainder when 57944013 is divided by 908.
901
Calculate the remainder when 86977 is divided by 26980.
6037
Calculate the remainder when 48089052 is divided by 601.
37
What is the remainder when 1009502 is divided by 488?
318
Calculate the remainder when 6260946 is divided by 1043491.
0
Calculate the remainder when 103183715 is divided by 427.
19
What is the remainder when 1021193 is divided by 1091?
17
Calculate the remainder when 13812197 is divided by 3397.
3392
What is the remainder when 4815768 is divided by 32760?
48
What is the remainder when 1848773 is divided by 56023?
14
Calculate the remainder when 379329 is divided by 168.
153
What is the remainder when 17892248 is divided by 11260?
108
What is the remainder when 1517130 is divided by 35?
20
Calculate the remainder when 29847 is divided by 472.
111
What is the remainder when 56610671 is divided by 12?
11
Calculate the remainder when 492919 is divided by 228.
211
Calculate the remainder when 18514 is divided by 3988.
2562
Calculate the remainder when 6225114 is divided by 1142.
72
What is the remainder when 30685957 is divided by 97?
7
Calculate the remainder when 311120 is divided by 62187.
185
What is the remainder when 265692446 is divided by 37?
34
What is the remainder when 16634002 is divided by 